?
7
Let w be (-418)/(-7) + 2/7. Let c(h) = -21*h**2 + 3*h + 24. Let q be c(0). Calculate the highest common divisor of w and q.
12
Suppose -5 = f + 4*y - 6*y, -2*y = -5*f + 7. Suppose 3*j = 13*j - 40. What is the greatest common factor of f and j?
1
Suppose -94 = -4*t - 34. Suppose -4*u - t = -43. What is the greatest common divisor of u and 14?
7
Suppose -51*j + 73*j = 858. What is the greatest common divisor of j and 15?
3
Let n = -2118 - -3612. What is the highest common divisor of 18 and n?
18
Suppose k + 17920 = 21*k. What is the greatest common factor of 14 and k?
14
Let a = 939 + -807. Calculate the highest common factor of 165 and a.
33
Let x(w) = 2*w**2 + 3*w + 13. Let m(u) = u**2 + 2*u + 6. Let f(l) = 9*m(l) - 4*x(l). Let s be f(-7). What is the highest common divisor of s and 1?
1
Let z = -1411 - -1493. What is the greatest common factor of z and 861?
41
Let i = 10 - 8. Let j = i + 4. Calculate the highest common divisor of j and 12.
6
Suppose -40*j = 52 - 252. Let s be (165/6)/((-2)/(-4)). Calculate the greatest common factor of j and s.
5
Let s = 108 + -73. Suppose -4*i + 56 = -0*i - 5*j, -i = 4*j - s. Calculate the greatest common factor of 38 and i.
19
Suppose -n + 3*f = 3*n - 16, -4*f + 30 = 2*n. Let t = 33 + -19. What is the greatest common divisor of n and t?
7
Let o be ((-13299)/(-22) - -6)*2. Calculate the greatest common divisor of o and 74.
37
Suppose 90 = 5*x + 5*t, 4*t - 4 = 5*x - 58. Suppose 4*w + 475 = -5*j - 254, -j = -3*w - 523. Let i = -120 - w. What is the greatest common factor of i and x?
14
Let j = -30 - -39. Suppose -4*o - 663 = -7*o. Let x = -122 + o. Calculate the highest common divisor of j and x.
9
Let f(b) = b**2 + b. Let x be 2/8 + 116/(-16). Let i(r) = -r - 4. Let z be i(x). Let p be f(z). Calculate the greatest common divisor of 108 and p.
12
Let p = 4710 - 6771. Let i be ((-18)/15)/(-3 - p/690). Calculate the highest common factor of i and 46.
46
Let d(u) = u**2 + u - 2. Let n be d(-4). Suppose -11*a = -n*a - 23. Calculate the greatest common factor of a and 23.
23
Let j = 67 + -31. Suppose 0 = -2*m + j - 6. Let k(o) = o**2 - 3*o + 3. Let x be k(3). What is the highest common factor of m and x?
3
Let y = -8 - -9. Suppose -5*d = 2*h - 0*d - 25, 5*h - d + 5 = 0. Suppose h = -2*i + 5 + 3. Calculate the greatest common divisor of i and y.
1
Let h be 63*-3*2/6. Let g = 112 + h. What is the highest common factor of g and 14?
7
Suppose -24 = 3*c + c. Let t be ((-288)/(-80))/(c/40). Let m be 1 + 0 + (15 - t). Calculate the highest common factor of m and 8.
8
Suppose -145 = -12*p + 47. What is the highest common divisor of 592 and p?
16
Let k = -28 - -21. Let z be 4/(-16)*-1*(-3 - k). Calculate the greatest common divisor of z and 2.
1
Suppose -3406 = 41*h - 7916. Suppose -19 - 31 = -5*l. What is the greatest common divisor of h and l?
10
Suppose -288 = -6*u + 2*u. Calculate the greatest common divisor of 168 and u.
24
Let d(u) = -3*u + 157. Let y be d(26). What is the highest common factor of y and 553?
79
Suppose 3*r - 186 = r. Let k = r + -58. Let o = -631 + 645. Calculate the greatest common factor of k and o.
7
Let u = -12 - -19. Let o(m) be the second derivative of -m**5/20 + 2*m**4/3 - m**3/2 + m**2 - 3*m. Let t be o(u). What is the highest common factor of t and 10?
10
Let r = -5051 - -7098. Calculate the highest common divisor of 23 and r.
23
Let n(a) = -2*a - 2. Let f be n(-7). Let p(w) = w - 21. Let u be p(7). Let z = 26 + u. Calculate the highest common divisor of z and f.
12
Suppose -2*c = -3*t + 146, 18 = t - c - 29. Let f = -92 - -105. Calculate the greatest common divisor of f and t.
13
Suppose 4*t - t - 36 = 0. Let j be (-4 + 7)/((-9)/t). Let w be ((-1)/2)/(j/160). Calculate the highest common divisor of w and 10.
10
Let k = 71 + -69. Let o be 11/k - (-40)/16. Calculate the greatest common factor of 4 and o.
4
Let t be 0 - ((-120)/36)/(2/3). Calculate the greatest common divisor of 160 and t.
5
Let a = 77 + -44. Let w = 41 - a. What is the highest common divisor of w and 2?
2
Let b(o) = -2*o - 586 + 602 + 3*o. Let p be b(-4). Calculate the greatest common divisor of p and 30.
6
Let x be (-4)/(-30) - 234/(-270). Let s = 19 - 0. Suppose 4*r = -r + 5*y + 35, -r + s = 2*y. What is the highest common divisor of r and x?
1
Let h = 2161 - 2147. Suppose 92 = 3*t - 34. What is the highest common divisor of h and t?
14
Let p = 20 + -23. Let h be p*3/9 + 3. Calculate the highest common factor of h and 4.
2
Let h be 360/(-22)*(-506)/92. Calculate the greatest common divisor of 126 and h.
18
Let i(a) = 115*a**3 + 2*a**2 - 1. Let l be i(1). Let p be (-2)/6 - l/(-6). Suppose -10*g - 684 = -19*g. What is the highest common factor of p and g?
19
Let s(j) = 3*j + 5. Let z be s(9). Suppose 6*g - z = 4*g. Let a = -9 + g. What is the greatest common divisor of a and 63?
7
Suppose 4*u - 21 = 4*o + 7, -2*u + 5*o + 23 = 0. What is the greatest common factor of 148 and u?
4
Let i(b) = -b**2 - 4. Let x be i(0). Let w(h) = -h**2 - 6*h + 7. Let n be w(x). Calculate the highest common factor of n and 15.
15
Let c(a) = -a**3 - 9*a**2 - 6*a - 21. Let p be c(-9). Calculate the highest common factor of 3 and p.
3
Let d be (-2)/(-2) - (29 - 68). Calculate the greatest common factor of 30 and d.
10
Let l be (0 - (-138)/(-6))*-2. Calculate the greatest common factor of l and 874.
46
Let i = 32150 - 17918. Let n be i/18 - 3/(-9). Let t be n/49 + 2/(-14). Calculate the greatest common divisor of 16 and t.
16
Let s be ((-2)/(-1))/4 + (-1398)/(-12). Calculate the highest common factor of s and 9.
9
Suppose 4*p - 9*p - 360 = 0. Let r be (-280)/p + 1/9. Calculate the highest common divisor of 76 and r.
4
Let v be (-9581)/(-335)*(-1 + 16). What is the greatest common factor of v and 78?
39
Let o(k) = -k**2 + 5*k + 3. Let l be o(4). Let i = -195 + 315. Suppose 4*m + 36 = i. What is the greatest common divisor of l and m?
7
Let d = -778 + 788. Calculate the highest common divisor of 970 and d.
10
Suppose w = 5*i - 23, 3*i - w - 6 = 9. Suppose -15 - 9 = -i*r. Suppose -2 = -d - 0. What is the greatest common divisor of d and r?
2
Suppose 4*c - 19 = -21*b + 22*b, 4*c = -3*b + 7. What is the highest common divisor of 148 and c?
4
Suppose 646*t = 641*t + 340. Calculate the highest common divisor of 136 and t.
68
Suppose -b - r + 7 = 0, -b - 2*r - 3 = -6. What is the highest common factor of 22 and b?
11
Let v = 478 - 451. Calculate the highest common factor of 144 and v.
9
Suppose 21*g - 6773 + 2615 = 0. Calculate the greatest common factor of g and 18.
18
Suppose 3*p - 136 = -14*p. Let t = 283 - 131. Calculate the highest common factor of t and p.
8
Suppose -5*a = 3*w - 0*a + 13, -10 = 2*a. Suppose -r + 48 = 4*d, -w*r + 3*d = r - 148. What is the highest common factor of r and 128?
32
Let g(o) be the third derivative of -1/12*o**4 + 0*o - 3/2*o**3 + 4*o**2 + 0. Let q be g(-8). Calculate the greatest common factor of 63 and q.
7
Let y be (-2264)/(-48) + 5/6. What is the greatest common factor of y and 144?
48
Let t = -28 - -33. Let i = t - -10. What is the highest common factor of i and 3?
3
Suppose 1698 = 2*r - 4*j, 0 = 2*r - 3*j - 1900 + 206. What is the highest common factor of r and 29?
29
Suppose -133 = 8*b - 837. Calculate the greatest common factor of b and 11.
11
Let b(q) = q**3 - 28*q**2 + 30*q - 33. Let v be b(27). Let d = -16 + 32. Calculate the highest common factor of v and d.
16
Let o be 1*15 + 0 + -1. Let l(c) = c**3 - 7*c**2 + 6*c - 14. Let q be l(7). What is the highest common divisor of o and q?
14
Suppose 0*k = -2*v + 2*k - 8, k - 1 = 4*v. Suppose 14 = -3*i - 4*b, 4*i + 22 = 5*i - 4*b. Calculate the greatest common divisor of v and i.
1
Let i(p) = -3*p**2 + 4 + 5*p**2 + 17*p - 21*p. Let m be i(2). Calculate the highest common divisor of 12 and m.
4
Suppose 0 = 2*o + 2*o - 32. Suppose -11*h + 609 = -o*h. Calculate the greatest common divisor of 29 and h.
29
Suppose 7*y + 2*m - 74 = 5*y, 3*y = 5*m + 79. Calculate the highest common divisor of y and 2772.
33
Let v be (((-4)/(-5))/(-1))/((-13)/65). Suppose v*b - 145 = 163. Calculate the greatest common divisor of b and 11.
11
Let l be (0 - -1)/((-2)/20*-2). Let t = l - 4. What is the highest common divisor of t and 4?
1
Let b(x) = 52*x**2 - 4*x - 4. Let j be b(-2). What is